
94
Calculate the remainder when 176053 is divided by 1615.
18
Calculate the remainder when 13576 is divided by 136.
112
Calculate the remainder when 73784 is divided by 572.
568
Calculate the remainder when 21534 is divided by 486.
150
Calculate the remainder when 2128464 is divided by 23.
21
Calculate the remainder when 6750 is divided by 22.
18
What is the remainder when 28381 is divided by 28375?
6
Calculate the remainder when 3820 is divided by 147.
145
What is the remainder when 120515 is divided by 24101?
10
What is the remainder when 19662 is divided by 3932?
2
Calculate the remainder when 27698 is divided by 301.
6
Calculate the remainder when 1692 is divided by 581.
530
What is the remainder when 7082 is divided by 3539?
4
What is the remainder when 1676287 is divided by 67051?
12
Calculate the remainder when 34808 is divided by 590.
588
What is the remainder when 1968 is divided by 577?
237
Calculate the remainder when 10522 is divided by 5234.
54
What is the remainder when 43151 is divided by 10787?
3
What is the remainder when 1301107 is divided by 2209?
6
Calculate the remainder when 140697 is divided by 100.
97
Calculate the remainder when 469355 is divided by 150.
5
What is the remainder when 9323 is divided by 620?
23
Calculate the remainder when 955757 is divided by 919.
916
What is the remainder when 938519 is divided by 24?
23
Calculate the remainder when 223649 is divided by 8601.
23
Calculate the remainder when 45988 is divided by 8.
4
What is the remainder when 33943 is divided by 155?
153
What is the remainder when 29607 is divided by 37?
7
What is the remainder when 81307 is divided by 352?
347
What is the remainder when 114262 is divided by 524?
30
What is the remainder when 31694 is divided by 458?
92
What is the remainder when 129494 is divided by 26?
14
What is the remainder when 3249 is divided by 1164?
921
Calculate the remainder when 15342 is divided by 1604.
906
Calculate the remainder when 1073 is divided by 288.
209
Calculate the remainder when 58 is divided by 43.
15
What is the remainder when 809054 is divided by 39?
38
Calculate the remainder when 109469 is divided by 152.
29
What is the remainder when 1320 is divided by 755?
565
Calculate the remainder when 3804 is divided by 7.
3
What is the remainder when 1530 is divided by 137?
23
What is the remainder when 255151 is divided by 16?
15
What is the remainder when 950 is divided by 7?
5
What is the remainder when 3810 is divided by 244?
150
What is the remainder when 8293 is divided by 193?
187
What is the remainder when 89864 is divided by 29952?
8
Calculate the remainder when 153030 is divided by 75.
30
What is the remainder when 1966 is divided by 649?
19
Calculate the remainder when 96001 is divided by 508.
497
Calculate the remainder when 187848 is divided by 587.
8
Calculate the remainder when 1841 is divided by 1682.
159
What is the remainder when 102863 is divided by 9346?
57
What is the remainder when 5047 is divided by 315?
7
What is the remainder when 4050 is divided by 134?
30
Calculate the remainder when 10982 is divided by 913.
26
What is the remainder when 17354 is divided by 1024?
970
Calculate the remainder when 10824 is divided by 1424.
856
Calculate the remainder when 12530 is divided by 737.
1
What is the remainder when 14839 is divided by 22?
11
What is the remainder when 42184 is divided by 137?
125
Calculate the remainder when 11726 is divided by 2864.
270
What is the remainder when 46855 is divided by 13?
3
What is the remainder when 707299 is divided by 142?
139
Calculate the remainder when 359 is divided by 89.
3
Calculate the remainder when 22797 is divided by 157.
32
What is the remainder when 21178 is divided by 353?
351
Calculate the remainder when 2732 is divided by 95.
72
What is the remainder when 52571 is divided by 85?
41
Calculate the remainder when 2889 is divided by 715.
29
Calculate the remainder when 24752 is divided by 8187.
191
What is the remainder when 10674 is divided by 24?
18
What is the remainder when 5078 is divided by 36?
2
What is the remainder when 289 is divided by 226?
63
What is the remainder when 5206 is divided by 488?
326
Calculate the remainder when 17200 is divided by 1901.
91
What is the remainder when 63132 is divided by 452?
304
Calculate the remainder when 7989 is divided by 2502.
483
Calculate the remainder when 1113632 is divided by 901.
897
What is the remainder when 336464 is divided by 26?
24
What is the remainder when 44183 is divided by 485?
48
What is the remainder when 1577 is divided by 93?
89
Calculate the remainder when 18058 is divided by 31.
16
What is the remainder when 10083 is divided by 2518?
11
Calculate the remainder when 12474 is divided by 1113.
231
What is the remainder when 1022 is divided by 67?
17
Calculate the remainder when 4155 is divided by 55.
30
What is the remainder when 73761 is divided by 3207?
0
What is the remainder when 913339 is divided by 852?
847
What is the remainder when 11501 is divided by 3?
2
Calculate the remainder when 7610 is divided by 1388.
670
Calculate the remainder when 3417 is divided by 1138.
3
What is the remainder when 16073 is divided by 22?
13
What is the remainder when 225757 is divided by 61?
57
Calculate the remainder when 4283 is divided by 16.
11
What is the remainder when 223178 is divided by 16?
10
Calculate the remainder when 1401998 is divided by 223.
220
What is the remainder when 1643 is divided by 468?
239
What is the remainder when 270611 is divided by 117?
107
Calculate the remainder when 11683 is divided by 2330.
33
Calculate the remainder when 5430 is divided by 5416.
14
What is the remainder when 10196 is divided by 34?
30
What is the remainder when 127354 is divided by 48?
10
Calculate the remainder when 54258 is divided by 231.
204
What is the remainder when 375665 is divided by 34?
33
Calculate the remainder when 94355 is divided by 565.
0
Calculate the remainder when 5687 is divided by 5608.
79
What is the remainder when 688 is divided by 648?
40
Calculate the remainder when 3274 is divided by 73.
62
What is the remainder when 34819 is divided by 282?
133
Calculate the remainder when 6880 is divided by 927.
391
Calculate the remainder when 15458 is divided by 839.
356
What is the remainder when 187 is divided by 90?
7
What is the remainder when 55507 is divided by 514?
509
Calculate the remainder when 31371 is divided by 15668.
35
Calculate the remainder when 361429 is divided by 5.
4
Calculate the remainder when 115024 is divided by 123.
19
What is the remainder when 3813589 is divided by 937?
936
Calculate the remainder when 1475 is divided by 525.
425
Calculate the remainder when 8956 is divided by 815.
806
Calculate the remainder when 829 is divided by 76.
69
What is the remainder when 2077 is divided by 596?
289
What is the remainder when 6423 is divided by 39?
27
Calculate the remainder when 2741 is divided by 62.
13
Calculate the remainder when 12423 is divided by 6064.
295
What is the remainder when 91866 is divided by 232?
226
Calculate the remainder when 202092 is divided by 118.
76
Calculate the remainder when 142099 is divided by 47338.
85
Calculate the remainder when 1994647 is divided by 4.
3
Calculate the remainder when 41360 is divided by 189.
158
What is the remainder when 1726 is divided by 216?
214
What is the remainder when 162246 is divided by 12?
6
What is the remainder when 39138 is divided by 2174?
6
What is the remainder when 365484 is divided by 284?
260
Calculate the remainder when 177 is divided by 87.
3
What is the remainder when 1602 is divided by 538?
526
Calculate the remainder when 217373 is divided by 108681.
11
What is the remainder when 30326 is divided by 1686?
1664
Calculate the remainder when 23078 is divided by 7642.
152
What is the remainder when 845 is divided by 9?
8
Calculate the remainder when 5900 is divided by 1698.
806
Calculate the remainder when 1337 is divided by 190.
7
Calculate the remainder when 689260 is divided by 159.
154
Calculate the remainder when 1815 is divided by 86.
9
Calculate the remainder when 3496 is divided by 223.
151
What is the remainder when 361204 is divided by 11?
8
What is the remainder when 14429 is divided by 7186?
57
What is the r